 a?
31
Let n = 10314 - 10183. What is the remainder when 525 is divided by n?
1
Let z = -1112 + 1132. Let p(v) = -7*v. Let i be p(-5). Calculate the remainder when (378/i)/(6/20) is divided by z.
16
Let o = -7859 + 7928. What is the remainder when 635 is divided by o?
14
Let x(r) = r**3 - 9*r**2 + 5*r - 1. Let l be x(7). Let j = -9 - l. What is the remainder when j is divided by 10?
5
Let v = 27 - -2. What is the remainder when (-544*65/(-4160))/(-1*(-2)/12) is divided by v?
22
Suppose -395 = -s + 4*o, 2*o - 803 = -2*s - 3*o. Suppose 10*h - 621 = s. Calculate the remainder when h is divided by 35.
32
Calculate the remainder when 136 is divided by (-37)/(-5 - 5*(-36)/45).
25
Let k(x) = x**3 + 12*x**2 - x - 6. Let q be k(-12). What is the remainder when q + (-117 - -1)*-1 is divided by 16?
10
Let m = 7881 - 6779. Calculate the remainder when m is divided by 9.
4
Let l(w) = 2*w**2 + 6*w - 4. Let k(j) = 121 - 9*j - 12*j**3 - 133 + 13*j**3 + 8*j**2. What is the remainder when k(-8) is divided by l(-5)?
12
Let r(x) = -x**3 - 11*x**2 - 13*x - 618. What is the remainder when 1918 is divided by r(-15)?
10
Let f = 49 + -10. Let u(j) = j**2 + 4. Let g be 14/3 - 4/6. Calculate the remainder when f is divided by u(g).
19
Suppose 5*n - 7 - 18 = 0. Suppose -4*r - 3*w + 222 = -w, -r + n*w = -83. Let y = r - 32. Calculate the remainder when 100 is divided by y.
22
Let t be ((-4)/(-5))/((2/(-5))/(-1)). Suppose 4*p - 2 = -2*h + 4*h, -5*h = -t*p + 21. Calculate the remainder when 25 is divided by (-4)/(-7) - (270/21)/p.
4
Let j = 30946 - 30892. Calculate the remainder when 425 is divided by j.
47
Let o be (-88 - (-3 + 0))*-1. What is the remainder when 502 is divided by (-17)/o + (632/10 - 0)?
61
Suppose -231*n = -219*n - 1908. What is the remainder when 613 is divided by n?
136
Suppose 2*q - 36 = -2*x, 0*q + 4*x = -2*q + 30. Calculate the remainder when 1508 is divided by q.
17
Let h(l) = 9*l**2 - 57*l - 318. What is the remainder when 3994 is divided by h(10)?
10
Let f(k) = -10*k + 73. Let o be (-973)/49 - (-2)/(-14). What is the remainder when f(o) is divided by 55?
53
Suppose 4*h + l - 13 = 0, -h - 12*l + 10 = -14*l. Suppose 3*p - q + 13 = 42, h*p - 4*q - 28 = 0. Calculate the remainder when 61 is divided by p.
6
Suppose 4*f = 2457 + 947. Let l = f + -501. Calculate the remainder when l is divided by 39.
38
Let v = 44 - -94. What is the remainder when 687 is divided by v?
135
Let p(o) be the second derivative of -o**4/12 - 10*o**3/3 - 40*o**2 - 22*o - 1. What is the remainder when 129 is divided by p(-9)?
15
Calculate the remainder when 3537 is divided by (-2)/4*(-37)/((-407)/(-1320)).
57
Let l(h) = -h + 3. Let s(b) = 24*b - 21. Let a be s(1). Suppose 3*n - k = k + 6, 18 = a*n + 2*k. What is the remainder when n is divided by l(0)?
1
Suppose 0 = -4*k + 5*a + 509, -766*a + 765*a - 1 = 0. Let p = 116 - 52. What is the remainder when k is divided by p?
62
Suppose -3*d + 6*s = 10*s - 79, -3*s = 4*d - 96. Suppose 148 = 3*u + 4*w - 109, 3*u - 232 = w. What is the remainder when u is divided by d?
16
Let g(o) = 41*o - 88. Calculate the remainder when 178 is divided by g(6).
20
Suppose 123 = -l + 7. Calculate the remainder when 16 is divided by (-87)/l + (-18)/(-8).
1
Suppose 16 = -48*p - 416. Let v(u) = -26*u - 122. What is the remainder when v(p) is divided by 21?
7
Calculate the remainder when 4489 + 28/(-14) + -17 is divided by 21.
18
Suppose -18611 = -21*y - 9266. Calculate the remainder when 3130 is divided by y.
15
Suppose 132*k + 19380 = 36963 + 22413. What is the remainder when k is divided by 130?
43
Let j(s) = 2*s**3 - 31*s**2 + 45*s - 23. Calculate the remainder when (-7)/(-56) - (-1815)/8 is divided by j(14).
18
Suppose -123*t + 4785 = 140*t + 56*t. What is the remainder when 1282 is divided by t?
7
Let t(w) = -w**3 + 14*w**2 + 56*w + 118. What is the remainder when 7306 is divided by t(17)?
201
Suppose 14 + 3280 = 605*k - 578*k. Calculate the remainder when 130 is divided by k.
8
Suppose 2*o = 4*a + 2, 12 = 3*o - 3*a - 3. Calculate the remainder when (-363)/(-44)*(-64)/(-12) is divided by o.
8
Suppose -6*h - 11*h + 600 = 3*h. What is the remainder when h is divided by ((-26)/(-4))/(2/4)?
4
Let s(d) = -d**2 + 4*d + 7. Let o be s(4). Suppose -o*l = -8*l + 10. Calculate the remainder when 33 is divided by l.
3
Let s(t) = -t**2 + 8*t - 7. Suppose 71*f = 67*f + 896. Let g = f + -179. Calculate the remainder when g is divided by s(5).
5
Let r = 395 - -415. Suppose -4*x - 2*h = h - 667, h = 5*x - r. Calculate the remainder when x is divided by 33.
31
Let t(i) = -i**3 + 26*i**2 + 32*i - 128. Let m = -304 - -331. What is the remainder when t(m) is divided by 7?
0
Suppose 23*r - 4*q = -7*q + 394, -5*r - 3*q = -88. Calculate the remainder when 1283 is divided by r.
8
Let j(x) = -4770*x - 3392. Calculate the remainder when j(-2) is divided by 23.
7
Let f(s) = -3*s**3 - s**2 - 2*s - 2. Let w = -1373 + 1974. Let k = w + -492. Calculate the remainder when k is divided by f(-2).
21
Suppose -9*u = -6*u - 72. Let c be (-5 - -6)*0/(-1). Suppose c*a = a - u. Calculate the remainder when a is divided by 7.
3
Let p(j) = -44*j**2 + 558*j - 2. What is the remainder when p(12) is divided by 60?
58
Let f(p) = p**2 + 9*p + 1. Let r(d) = -d**2 + 4*d - 12. Suppose -34 + 34 = -4*h. Let q be r(h). Calculate the remainder when f(q) is divided by 20.
17
Suppose -205*f - 16104 = -266*f. What is the remainder when 498 is divided by f?
234
Let p = -52 + 61. Suppose -p*s = -4*s + 20. Calculate the remainder when 97 is divided by s*(-2)/8*14.
13
Suppose 40 = -5*w, -3*j + 214 = 403*w - 402*w. Calculate the remainder when 579 is divided by j.
61
Let r be (-4842)/(-21) - (-3)/7. Let y = r + -196. Calculate the remainder when y is divided by 25.
10
Suppose 4*h - 10*t - 23 = -11*t, -3*h = -4*t - 22. Suppose 2*n = -2*n + 68. Calculate the remainder when n is divided by h.
5
Let i be (15/(-6))/((-1)/6). Suppose l + 3*l = -4*f + 36, -l = -5*f + i. Calculate the remainder when (72/4)/(-6)*(-114)/9 is divided by l.
3
Suppose -1690 = -47*f - 83*f. Suppose -n + 2*n - 58 = 0. Calculate the remainder when n is divided by f.
6
Suppose -4*j - 4 = 0, 7*j = 3*c + 5*j - 128. What is the remainder when c is divided by 6?
0
Let p(n) = 5*n**2 + 7*n - 11. Let u be p(-8). Let d = 331 - u. Suppose j - 7 = 13. Calculate the remainder when d is divided by j.
18
Suppose -2*r = -f - 56, -4*f - 140 = -9*r + 4*r. Let k = 19 - 5. What is the remainder when 13 is divided by (-4)/k + 148/r?
3
Suppose 0 = 4*d + 2*z - 10, 3*d - 4*z - 8 = 4*d. What is the remainder when 31 is divided by d?
3
Let b(r) = -53*r + 272. Calculate the remainder when 1060 is divided by b(5).
3
Let d(n) = -8 - 2*n + 17*n - 3*n - 10*n. Let j be d(6). Suppose 0 = 4*r - u - 89, j*u + 28 - 132 = -4*r. What is the remainder when 68 is divided by r?
22
Let z(b) = 24*b**2 + 21*b - 35. Calculate the remainder when z(5) is divided by 8.
6
Let z = 142 - 95. Let k be 9/6 - 26/52. Calculate the remainder when z is divided by (k/(21/(-91)))/(1/(-3)).
8
Let t(l) = l**3 - 57*l**2 - 53*l - 277. Calculate the remainder when 65 is divided by t(58).
0
Suppose -29*h = -s - 25*h + 43, 0 = -5*s + 4*h + 279. What is the remainder when 409 is divided by s?
55
Suppose 2*z + 4*a - 212 = 0, -5*z + a + 542 = 5*a. Suppose 4*u - 9*u - z = 0. What is the remainder when 34 is divided by 79/11 - (-4)/u?
6
Suppose 74 = -0*a + a. What is the remainder when a is divided by 32 + (-15 - -3 - -1)?
11
Suppose 5*w = -c + 395, -20*c - 1618 = -24*c - w. Calculate the remainder when c is divided by 9.
0
Let b(g) = -4*g + 5*g + 4117 - 4114. Let c be b(-9). Let h(i) = -21*i - 68. What is the remainder when 229 is divided by h(c)?
55
Let x(f) = f**3 + 33*f**2 + 116*f + 63. Calculate the remainder when 178 is divided by x(-29).
52
Let m(j) = 8*j**2 - 7*j + 6. Let h be -3*3/((-27)/(-15)). Let r be h/(-2)*66/55. Calculate the remainder when m(r) is divided by 10.
7
Suppose -4*f + 18 = -98. Suppose 8*q + 2646 = f*q. Calculate the remainder when q is divided by 44.
38
Let n(x) = 4*x**2 + 37*x + 103. Calculate the remainder when n(-10) is divided by 14.
7
Suppose 306415 = -445*s + 3486385. Calculate the remainder when s is divided by 298.
292
Let u = 5301 + -5249. Suppose 5*n - n - 404 = 0. Calcula